{"id":194,"date":"2022-12-06T16:23:18","date_gmt":"2022-12-06T16:23:18","guid":{"rendered":"https:\/\/www.6uhrmorgens.de\/?page_id=194"},"modified":"2022-12-07T12:03:13","modified_gmt":"2022-12-07T12:03:13","slug":"home-page","status":"publish","type":"page","link":"https:\/\/www.6uhrmorgens.de\/","title":{"rendered":"Home Page"},"content":{"rendered":"<div id=\"pl-194\"  class=\"panel-layout\" ><div id=\"pg-194-0\"  class=\"panel-grid panel-no-style\" ><div id=\"pgc-194-0-0\"  class=\"panel-grid-cell\" ><div id=\"panel-194-0-0-0\" class=\"so-panel widget widget_media_image panel-first-child panel-last-child\" data-index=\"0\" ><img loading=\"lazy\" decoding=\"async\" width=\"720\" height=\"360\" src=\"https:\/\/www.6uhrmorgens.de\/wp-content\/uploads\/2022\/12\/Intro-Text-Website-1024x512.jpg\" class=\"image wp-image-226  attachment-large size-large\" alt=\"\" style=\"max-width: 100%; height: auto;\" srcset=\"https:\/\/www.6uhrmorgens.de\/wp-content\/uploads\/2022\/12\/Intro-Text-Website-1024x512.jpg 1024w, https:\/\/www.6uhrmorgens.de\/wp-content\/uploads\/2022\/12\/Intro-Text-Website-300x150.jpg 300w, https:\/\/www.6uhrmorgens.de\/wp-content\/uploads\/2022\/12\/Intro-Text-Website-768x384.jpg 768w, https:\/\/www.6uhrmorgens.de\/wp-content\/uploads\/2022\/12\/Intro-Text-Website-1536x768.jpg 1536w, https:\/\/www.6uhrmorgens.de\/wp-content\/uploads\/2022\/12\/Intro-Text-Website-960x480.jpg 960w, https:\/\/www.6uhrmorgens.de\/wp-content\/uploads\/2022\/12\/Intro-Text-Website.jpg 2000w\" sizes=\"auto, (max-width: 720px) 100vw, 720px\" \/><\/div><\/div><\/div><div id=\"pg-194-1\"  class=\"panel-grid panel-no-style\" ><div id=\"pgc-194-1-0\"  class=\"panel-grid-cell\" ><div id=\"panel-194-1-0-0\" class=\"so-panel widget widget_media_image panel-first-child panel-last-child\" data-index=\"1\" ><img loading=\"lazy\" decoding=\"async\" width=\"2000\" height=\"50\" src=\"https:\/\/www.6uhrmorgens.de\/wp-content\/uploads\/2022\/12\/trennlinie.jpg\" class=\"image wp-image-229  attachment-full size-full\" alt=\"\" style=\"max-width: 100%; height: auto;\" srcset=\"https:\/\/www.6uhrmorgens.de\/wp-content\/uploads\/2022\/12\/trennlinie.jpg 2000w, https:\/\/www.6uhrmorgens.de\/wp-content\/uploads\/2022\/12\/trennlinie-300x8.jpg 300w, https:\/\/www.6uhrmorgens.de\/wp-content\/uploads\/2022\/12\/trennlinie-1024x26.jpg 1024w, https:\/\/www.6uhrmorgens.de\/wp-content\/uploads\/2022\/12\/trennlinie-768x19.jpg 768w, https:\/\/www.6uhrmorgens.de\/wp-content\/uploads\/2022\/12\/trennlinie-1536x38.jpg 1536w\" sizes=\"auto, (max-width: 2000px) 100vw, 2000px\" \/><\/div><\/div><\/div><div id=\"pg-194-2\"  class=\"panel-grid panel-no-style\" ><div id=\"pgc-194-2-0\"  class=\"panel-grid-cell\" ><div id=\"panel-194-2-0-0\" class=\"so-panel widget widget_media_image panel-first-child panel-last-child\" data-index=\"2\" ><img loading=\"lazy\" decoding=\"async\" width=\"300\" height=\"78\" src=\"https:\/\/www.6uhrmorgens.de\/wp-content\/uploads\/2022\/12\/Inhaber-Textbausteine-Website-service-300x78.jpg\" class=\"image wp-image-218  attachment-medium size-medium\" alt=\"\" style=\"max-width: 100%; height: auto;\" srcset=\"https:\/\/www.6uhrmorgens.de\/wp-content\/uploads\/2022\/12\/Inhaber-Textbausteine-Website-service-300x78.jpg 300w, https:\/\/www.6uhrmorgens.de\/wp-content\/uploads\/2022\/12\/Inhaber-Textbausteine-Website-service.jpg 674w\" sizes=\"auto, (max-width: 300px) 100vw, 300px\" \/><\/div><\/div><\/div><div id=\"pg-194-3\"  class=\"panel-grid panel-no-style\" ><div id=\"pgc-194-3-0\"  class=\"panel-grid-cell\" ><div id=\"panel-194-3-0-0\" class=\"so-panel widget widget_media_image panel-first-child panel-last-child\" data-index=\"3\" ><img loading=\"lazy\" decoding=\"async\" width=\"300\" height=\"300\" src=\"https:\/\/www.6uhrmorgens.de\/wp-content\/uploads\/2022\/12\/Insta-Kachel-Merchandise2-300x300.jpg\" class=\"image wp-image-191  attachment-medium size-medium\" alt=\"\" style=\"max-width: 100%; height: auto;\" srcset=\"https:\/\/www.6uhrmorgens.de\/wp-content\/uploads\/2022\/12\/Insta-Kachel-Merchandise2-300x300.jpg 300w, https:\/\/www.6uhrmorgens.de\/wp-content\/uploads\/2022\/12\/Insta-Kachel-Merchandise2-1024x1024.jpg 1024w, https:\/\/www.6uhrmorgens.de\/wp-content\/uploads\/2022\/12\/Insta-Kachel-Merchandise2-150x150.jpg 150w, https:\/\/www.6uhrmorgens.de\/wp-content\/uploads\/2022\/12\/Insta-Kachel-Merchandise2-768x768.jpg 768w, https:\/\/www.6uhrmorgens.de\/wp-content\/uploads\/2022\/12\/Insta-Kachel-Merchandise2.jpg 1080w\" sizes=\"auto, (max-width: 300px) 100vw, 300px\" \/><\/div><\/div><div id=\"pgc-194-3-1\"  class=\"panel-grid-cell\" ><div id=\"panel-194-3-1-0\" class=\"so-panel widget widget_media_image panel-first-child panel-last-child\" data-index=\"4\" ><img loading=\"lazy\" decoding=\"async\" width=\"300\" height=\"300\" src=\"https:\/\/www.6uhrmorgens.de\/wp-content\/uploads\/2022\/12\/Insta-Kachel-Content2-300x300.jpg\" class=\"image wp-image-192  attachment-medium size-medium\" alt=\"\" style=\"max-width: 100%; height: auto;\" srcset=\"https:\/\/www.6uhrmorgens.de\/wp-content\/uploads\/2022\/12\/Insta-Kachel-Content2-300x300.jpg 300w, https:\/\/www.6uhrmorgens.de\/wp-content\/uploads\/2022\/12\/Insta-Kachel-Content2-1024x1024.jpg 1024w, https:\/\/www.6uhrmorgens.de\/wp-content\/uploads\/2022\/12\/Insta-Kachel-Content2-150x150.jpg 150w, https:\/\/www.6uhrmorgens.de\/wp-content\/uploads\/2022\/12\/Insta-Kachel-Content2-768x768.jpg 768w, https:\/\/www.6uhrmorgens.de\/wp-content\/uploads\/2022\/12\/Insta-Kachel-Content2.jpg 1080w\" sizes=\"auto, (max-width: 300px) 100vw, 300px\" \/><\/div><\/div><div id=\"pgc-194-3-2\"  class=\"panel-grid-cell\" ><div id=\"panel-194-3-2-0\" class=\"so-panel widget widget_media_image panel-first-child panel-last-child\" data-index=\"5\" ><img loading=\"lazy\" decoding=\"async\" width=\"300\" height=\"300\" src=\"https:\/\/www.6uhrmorgens.de\/wp-content\/uploads\/2022\/12\/Insta-Kachel-Eventmanagement2-300x300.jpg\" class=\"image wp-image-193  attachment-medium size-medium\" alt=\"\" style=\"max-width: 100%; height: auto;\" srcset=\"https:\/\/www.6uhrmorgens.de\/wp-content\/uploads\/2022\/12\/Insta-Kachel-Eventmanagement2-300x300.jpg 300w, https:\/\/www.6uhrmorgens.de\/wp-content\/uploads\/2022\/12\/Insta-Kachel-Eventmanagement2-1024x1024.jpg 1024w, https:\/\/www.6uhrmorgens.de\/wp-content\/uploads\/2022\/12\/Insta-Kachel-Eventmanagement2-150x150.jpg 150w, https:\/\/www.6uhrmorgens.de\/wp-content\/uploads\/2022\/12\/Insta-Kachel-Eventmanagement2-768x768.jpg 768w, https:\/\/www.6uhrmorgens.de\/wp-content\/uploads\/2022\/12\/Insta-Kachel-Eventmanagement2.jpg 1080w\" sizes=\"auto, (max-width: 300px) 100vw, 300px\" \/><\/div><\/div><\/div><div id=\"pg-194-4\"  class=\"panel-grid panel-no-style\" ><div id=\"pgc-194-4-0\"  class=\"panel-grid-cell\" ><div class=\"panel-cell-style panel-cell-style-for-194-4-0\" ><div id=\"panel-194-4-0-0\" class=\"so-panel widget widget_text panel-first-child panel-last-child\" data-index=\"6\" ><div class=\"panel-widget-style panel-widget-style-for-194-4-0-0\" >\t\t\t<div class=\"textwidget\"><p>Egal ob Gesch\u00e4ftskunde, Festival oder Sprinter-Tour Band &#8211; wir sind darauf spezialisiert, f\u00fcr jeden Anlass und jedes Budget das passende Sortiment auf die Beine zu stellen. Dabei legen wir vor allem Wert auf Attribute wie Fair Wear, Bio und vegan. Des Weiteren bieten wir unser Know How in Sachen E-Commerce, Konzeption von Verkaufsst\u00e4nden und themen\u00fcbergreifenden Gesamtl\u00f6sungen an.<\/p>\n<\/div>\n\t\t<\/div><\/div><\/div><\/div><div id=\"pgc-194-4-1\"  class=\"panel-grid-cell\" ><div id=\"panel-194-4-1-0\" class=\"so-panel widget widget_text panel-first-child panel-last-child\" data-index=\"7\" >\t\t\t<div class=\"textwidget\"><p>Alle Produkte, die hergestellt werden, sollen auch irgendwann einmal vern\u00fcnftig pr\u00e4sentiert werden. 06:00 Uhr morgens geht einen Schritt weiter und bietet diese Content Produktion gleich mit an. Dar\u00fcber hinaus produzieren wir deine Social Clips, haben einen gro\u00dfen Pool an richtig guten Musikvideo Macher*Innen und dokumentieren dein Event als Fotostrecke oder \u201abehind the scenes\u2019 Format.<\/p>\n<\/div>\n\t\t<\/div><\/div><div id=\"pgc-194-4-2\"  class=\"panel-grid-cell\" ><div id=\"panel-194-4-2-0\" class=\"so-panel widget widget_text panel-first-child panel-last-child\" data-index=\"8\" >\t\t\t<div class=\"textwidget\"><p>Dann, wenn dein Team aus festen Mitarbeiter*Innen an seine Grenzen st\u00f6\u00dft, kommen wir ins Spiel. Unsere Expertise liegt dabei in Club-, Tour, und Festivalproduktionen. Nach Ermittlung von eurem Bedarf k\u00f6nnen wir euch individuell an die Situation angepasste Teams zur Seite stellen.<\/p>\n<\/div>\n\t\t<\/div><\/div><\/div><div id=\"pg-194-5\"  class=\"panel-grid panel-no-style\" ><div id=\"pgc-194-5-0\"  class=\"panel-grid-cell\" ><div id=\"panel-194-5-0-0\" class=\"so-panel widget widget_media_image panel-first-child panel-last-child\" data-index=\"9\" ><img loading=\"lazy\" decoding=\"async\" width=\"2000\" height=\"50\" src=\"https:\/\/www.6uhrmorgens.de\/wp-content\/uploads\/2022\/12\/trennlinie.jpg\" class=\"image wp-image-229  attachment-full size-full\" alt=\"\" style=\"max-width: 100%; height: auto;\" srcset=\"https:\/\/www.6uhrmorgens.de\/wp-content\/uploads\/2022\/12\/trennlinie.jpg 2000w, https:\/\/www.6uhrmorgens.de\/wp-content\/uploads\/2022\/12\/trennlinie-300x8.jpg 300w, https:\/\/www.6uhrmorgens.de\/wp-content\/uploads\/2022\/12\/trennlinie-1024x26.jpg 1024w, https:\/\/www.6uhrmorgens.de\/wp-content\/uploads\/2022\/12\/trennlinie-768x19.jpg 768w, https:\/\/www.6uhrmorgens.de\/wp-content\/uploads\/2022\/12\/trennlinie-1536x38.jpg 1536w\" sizes=\"auto, (max-width: 2000px) 100vw, 2000px\" \/><\/div><\/div><\/div><div id=\"pg-194-6\"  class=\"panel-grid panel-no-style\" ><div id=\"pgc-194-6-0\"  class=\"panel-grid-cell\" ><div id=\"panel-194-6-0-0\" class=\"so-panel widget widget_media_image panel-first-child panel-last-child\" data-index=\"10\" ><img loading=\"lazy\" decoding=\"async\" width=\"300\" height=\"78\" src=\"https:\/\/www.6uhrmorgens.de\/wp-content\/uploads\/2022\/12\/Inhaber-Textbausteine-Website-Versuch-Schatten-300x78.jpg\" class=\"image wp-image-211  attachment-medium size-medium\" alt=\"\" style=\"max-width: 100%; height: auto;\" srcset=\"https:\/\/www.6uhrmorgens.de\/wp-content\/uploads\/2022\/12\/Inhaber-Textbausteine-Website-Versuch-Schatten-300x78.jpg 300w, https:\/\/www.6uhrmorgens.de\/wp-content\/uploads\/2022\/12\/Inhaber-Textbausteine-Website-Versuch-Schatten.jpg 674w\" sizes=\"auto, (max-width: 300px) 100vw, 300px\" \/><\/div><\/div><\/div><div id=\"pg-194-7\"  class=\"panel-grid panel-no-style\" ><div id=\"pgc-194-7-0\"  class=\"panel-grid-cell\" ><div id=\"panel-194-7-0-0\" class=\"so-panel widget widget_text panel-first-child panel-last-child\" data-index=\"11\" >\t\t\t<div class=\"textwidget\"><p>Timo Meinen hat Abschl\u00fcsse in BWL, Logistik und Eventmanagement aber vor allem eine gro\u00dfe Portion Stra\u00dfenabitur. Er lebt in Hamburg und Berlin oder halt dort, wohin ihn die Jobs verschlagen.<br \/>\nIn den letzten Jahren hat er die Firma Tourhafen mit aufgebaut, das Thema Festivalmerch aufs n\u00e4chste Level gebracht, stand mit seiner Band auf der B\u00fchne vom Hurricane aber wei\u00df auch ganz genau, wie es ist, einen Club nach einer langen Partynacht sauber zu machen. Sein Fachwissen hat er in \u00fcber 20 Jahren Veranstaltungswesen gesammelt und gibt es unter anderem als Berater im Rock City Hamburg Beratungspool weiter.<br \/>\nFalls auch du einen Ratschlag f\u00fcr dein Projekt oder dein Merchandise haben m\u00f6chtest ist Timo nur einen Anruf oder eine E-Mail weit entfernt.  <\/p>\n<\/div>\n\t\t<\/div><\/div><div id=\"pgc-194-7-1\"  class=\"panel-grid-cell\" ><div id=\"panel-194-7-1-0\" class=\"so-panel widget widget_media_image panel-first-child panel-last-child\" data-index=\"12\" ><img loading=\"lazy\" decoding=\"async\" width=\"720\" height=\"480\" src=\"https:\/\/www.6uhrmorgens.de\/wp-content\/uploads\/2022\/12\/Timo_Meinen-lowres-1024x683.jpg\" class=\"image wp-image-112  attachment-large size-large\" alt=\"\" style=\"max-width: 100%; height: auto;\" srcset=\"https:\/\/www.6uhrmorgens.de\/wp-content\/uploads\/2022\/12\/Timo_Meinen-lowres-1024x683.jpg 1024w, https:\/\/www.6uhrmorgens.de\/wp-content\/uploads\/2022\/12\/Timo_Meinen-lowres-300x200.jpg 300w, https:\/\/www.6uhrmorgens.de\/wp-content\/uploads\/2022\/12\/Timo_Meinen-lowres-768x512.jpg 768w, https:\/\/www.6uhrmorgens.de\/wp-content\/uploads\/2022\/12\/Timo_Meinen-lowres-1536x1024.jpg 1536w, https:\/\/www.6uhrmorgens.de\/wp-content\/uploads\/2022\/12\/Timo_Meinen-lowres.jpg 1920w\" sizes=\"auto, (max-width: 720px) 100vw, 720px\" \/><\/div><\/div><\/div><\/div>","protected":false},"excerpt":{"rendered":"<p>Egal ob Gesch\u00e4ftskunde, Festival oder Sprinter-Tour Band &#8211; wir sind darauf spezialisiert, f\u00fcr jeden Anlass und jedes Budget das passende Sortiment auf die Beine zu stellen. Dabei legen wir vor allem Wert auf Attribute wie Fair Wear, Bio und vegan. Des Weiteren bieten wir unser Know How in Sachen E-Commerce, Konzeption von Verkaufsst\u00e4nden und themen\u00fcbergreifenden [&hellip;]<\/p>\n","protected":false},"author":2,"featured_media":0,"parent":0,"menu_order":0,"comment_status":"closed","ping_status":"closed","template":"home-panels.php","meta":{"footnotes":""},"class_list":["post-194","page","type-page","status-publish","hentry","post"],"yoast_head":"<!-- This site is optimized with the Yoast SEO plugin v22.7 - https:\/\/yoast.com\/wordpress\/plugins\/seo\/ -->\n<title>Home Page - 6uhrmorgens<\/title>\n<meta name=\"robots\" content=\"index, follow, max-snippet:-1, max-image-preview:large, max-video-preview:-1\" \/>\n<link rel=\"canonical\" href=\"https:\/\/www.6uhrmorgens.de\/?page_id=194\" \/>\n<meta property=\"og:locale\" content=\"de_DE\" \/>\n<meta property=\"og:type\" content=\"article\" \/>\n<meta property=\"og:title\" content=\"Home Page - 6uhrmorgens\" \/>\n<meta property=\"og:description\" content=\"Egal ob Gesch\u00e4ftskunde, Festival oder Sprinter-Tour Band &#8211; wir sind darauf spezialisiert, f\u00fcr jeden Anlass und jedes Budget das passende Sortiment auf die Beine zu stellen. Dabei legen wir vor allem Wert auf Attribute wie Fair Wear, Bio und vegan. Des Weiteren bieten wir unser Know How in Sachen E-Commerce, Konzeption von Verkaufsst\u00e4nden und themen\u00fcbergreifenden [&hellip;]\" \/>\n<meta property=\"og:url\" content=\"https:\/\/www.6uhrmorgens.de\/?page_id=194\" \/>\n<meta property=\"og:site_name\" content=\"6uhrmorgens\" \/>\n<meta property=\"article:modified_time\" content=\"2022-12-07T12:03:13+00:00\" \/>\n<meta name=\"twitter:card\" content=\"summary_large_image\" \/>\n<meta name=\"twitter:label1\" content=\"Gesch\u00e4tzte Lesezeit\" \/>\n\t<meta name=\"twitter:data1\" content=\"2\u00a0Minuten\" \/>\n<script type=\"application\/ld+json\" class=\"yoast-schema-graph\">{\"@context\":\"https:\/\/schema.org\",\"@graph\":[{\"@type\":\"WebPage\",\"@id\":\"https:\/\/www.6uhrmorgens.de\/?page_id=194\",\"url\":\"https:\/\/www.6uhrmorgens.de\/?page_id=194\",\"name\":\"Home Page - 6uhrmorgens\",\"isPartOf\":{\"@id\":\"https:\/\/www.6uhrmorgens.de\/#website\"},\"datePublished\":\"2022-12-06T16:23:18+00:00\",\"dateModified\":\"2022-12-07T12:03:13+00:00\",\"breadcrumb\":{\"@id\":\"https:\/\/www.6uhrmorgens.de\/?page_id=194#breadcrumb\"},\"inLanguage\":\"de\",\"potentialAction\":[{\"@type\":\"ReadAction\",\"target\":[\"https:\/\/www.6uhrmorgens.de\/?page_id=194\"]}]},{\"@type\":\"BreadcrumbList\",\"@id\":\"https:\/\/www.6uhrmorgens.de\/?page_id=194#breadcrumb\",\"itemListElement\":[{\"@type\":\"ListItem\",\"position\":1,\"name\":\"Startseite\",\"item\":\"https:\/\/www.6uhrmorgens.de\/?page_id=194\"},{\"@type\":\"ListItem\",\"position\":2,\"name\":\"Home Page\"}]},{\"@type\":\"WebSite\",\"@id\":\"https:\/\/www.6uhrmorgens.de\/#website\",\"url\":\"https:\/\/www.6uhrmorgens.de\/\",\"name\":\"6uhrmorgens\",\"description\":\"\",\"potentialAction\":[{\"@type\":\"SearchAction\",\"target\":{\"@type\":\"EntryPoint\",\"urlTemplate\":\"https:\/\/www.6uhrmorgens.de\/?s={search_term_string}\"},\"query-input\":\"required name=search_term_string\"}],\"inLanguage\":\"de\"}]}<\/script>\n<!-- \/ Yoast SEO plugin. -->","yoast_head_json":{"title":"Home Page - 6uhrmorgens","robots":{"index":"index","follow":"follow","max-snippet":"max-snippet:-1","max-image-preview":"max-image-preview:large","max-video-preview":"max-video-preview:-1"},"canonical":"https:\/\/www.6uhrmorgens.de\/?page_id=194","og_locale":"de_DE","og_type":"article","og_title":"Home Page - 6uhrmorgens","og_description":"Egal ob Gesch\u00e4ftskunde, Festival oder Sprinter-Tour Band &#8211; wir sind darauf spezialisiert, f\u00fcr jeden Anlass und jedes Budget das passende Sortiment auf die Beine zu stellen. Dabei legen wir vor allem Wert auf Attribute wie Fair Wear, Bio und vegan. Des Weiteren bieten wir unser Know How in Sachen E-Commerce, Konzeption von Verkaufsst\u00e4nden und themen\u00fcbergreifenden [&hellip;]","og_url":"https:\/\/www.6uhrmorgens.de\/?page_id=194","og_site_name":"6uhrmorgens","article_modified_time":"2022-12-07T12:03:13+00:00","twitter_card":"summary_large_image","twitter_misc":{"Gesch\u00e4tzte Lesezeit":"2\u00a0Minuten"},"schema":{"@context":"https:\/\/schema.org","@graph":[{"@type":"WebPage","@id":"https:\/\/www.6uhrmorgens.de\/?page_id=194","url":"https:\/\/www.6uhrmorgens.de\/?page_id=194","name":"Home Page - 6uhrmorgens","isPartOf":{"@id":"https:\/\/www.6uhrmorgens.de\/#website"},"datePublished":"2022-12-06T16:23:18+00:00","dateModified":"2022-12-07T12:03:13+00:00","breadcrumb":{"@id":"https:\/\/www.6uhrmorgens.de\/?page_id=194#breadcrumb"},"inLanguage":"de","potentialAction":[{"@type":"ReadAction","target":["https:\/\/www.6uhrmorgens.de\/?page_id=194"]}]},{"@type":"BreadcrumbList","@id":"https:\/\/www.6uhrmorgens.de\/?page_id=194#breadcrumb","itemListElement":[{"@type":"ListItem","position":1,"name":"Startseite","item":"https:\/\/www.6uhrmorgens.de\/?page_id=194"},{"@type":"ListItem","position":2,"name":"Home Page"}]},{"@type":"WebSite","@id":"https:\/\/www.6uhrmorgens.de\/#website","url":"https:\/\/www.6uhrmorgens.de\/","name":"6uhrmorgens","description":"","potentialAction":[{"@type":"SearchAction","target":{"@type":"EntryPoint","urlTemplate":"https:\/\/www.6uhrmorgens.de\/?s={search_term_string}"},"query-input":"required name=search_term_string"}],"inLanguage":"de"}]}},"_links":{"self":[{"href":"https:\/\/www.6uhrmorgens.de\/index.php?rest_route=\/wp\/v2\/pages\/194","targetHints":{"allow":["GET"]}}],"collection":[{"href":"https:\/\/www.6uhrmorgens.de\/index.php?rest_route=\/wp\/v2\/pages"}],"about":[{"href":"https:\/\/www.6uhrmorgens.de\/index.php?rest_route=\/wp\/v2\/types\/page"}],"author":[{"embeddable":true,"href":"https:\/\/www.6uhrmorgens.de\/index.php?rest_route=\/wp\/v2\/users\/2"}],"replies":[{"embeddable":true,"href":"https:\/\/www.6uhrmorgens.de\/index.php?rest_route=%2Fwp%2Fv2%2Fcomments&post=194"}],"version-history":[{"count":34,"href":"https:\/\/www.6uhrmorgens.de\/index.php?rest_route=\/wp\/v2\/pages\/194\/revisions"}],"predecessor-version":[{"id":233,"href":"https:\/\/www.6uhrmorgens.de\/index.php?rest_route=\/wp\/v2\/pages\/194\/revisions\/233"}],"wp:attachment":[{"href":"https:\/\/www.6uhrmorgens.de\/index.php?rest_route=%2Fwp%2Fv2%2Fmedia&parent=194"}],"curies":[{"name":"wp","href":"https:\/\/api.w.org\/{rel}","templated":true}]}}